 List the prime factors of a(x).
2
Suppose 0 = -2*g + 3*g - 13. Let r = g - 0. What are the prime factors of r?
13
Let z(p) = p**2 + 8*p. Let s be z(-8). Let h(j) = j + 1. Let q be h(s). What are the prime factors of 0 - 0 - (q + -3)?
2
Let z(d) be the first derivative of 2*d**3/3 + 2. What are the prime factors of z(1)?
2
List the prime factors of (-88)/(-3) - 3/9.
29
Suppose -n - n = -20. Suppose 5*q - 3*q - n = 0. What are the prime factors of q?
5
Let d(t) = 0*t - 3*t - 5 - 5. What are the prime factors of d(-9)?
17
Suppose 45 = -4*y + 3*v, 3*y - 5*v - 29 = 5*y. Let i = 7 + y. Let b = 7 - i. List the prime factors of b.
2, 3
Let r(g) = -5*g**2 - g**2 + 2*g**2 - 2 - 2*g**3. Let v be r(-3). Let x = v + -9. List the prime factors of x.
7
Let u(a) = a**2 + 9*a + 8. Let r(j) = -3*j**2 - 27*j - 24. Let i(l) = 6*r(l) + 17*u(l). List the prime factors of i(-7).
2, 3
Let x(h) be the second derivative of -h**3/3 - 11*h**2/2 - h. What are the prime factors of x(-8)?
5
Suppose 0*g + 2*b = -2*g + 26, 5*g - 58 = 2*b. Suppose 0 = -3*t - g, 2*x + 4*t + 7 + 1 = 0. List the prime factors of x.
2
Let l be (74 - 0)*(-6)/(-4). Suppose -3*m - d + 53 = 0, -2*m + 4*d = 3*m - l. List the prime factors of m.
19
What are the prime factors of (-2)/3 + 62/3?
2, 5
Suppose 0*r = r - 3. Let z be 396/48 + (-2)/8. Suppose 45 = z*b - r*b. What are the prime factors of b?
3
Let n(a) = a**3 + 5*a**2 - 4 + 3 + 5*a - 10*a - 2. What are the prime factors of n(-5)?
2, 11
Suppose 7*m - 8*m = -86. Let o = 122 - m. What are the prime factors of o?
2, 3
Suppose 4*s = 12, 4*k + 59 = s + 8. Let p = 21 + k. List the prime factors of p.
3
Suppose -3*h - 2*z + 8 = 0, 0 = 4*h - 2*h - 5*z + 20. Let m be 8/1*(1 - h). Let s = m + -6. List the prime factors of s.
2
Let x(t) = t + 0*t**2 + 3 - 7*t + 2*t**2. Suppose -4*f - 2*n - 3*n - 4 = 0, 3*f = -3*n. What are the prime factors of x(f)?
11
Suppose 5*j - 156 - 84 = 0. What are the prime factors of ((-7)/(-14))/(2/j)?
2, 3
Let t be (-4)/(-10) - (-94)/(-10). Let d = -2 - t. Suppose -l - 2*v + 11 + d = 0, 4*l - 12 = 4*v. What are the prime factors of l?
2
Suppose -a - 8 = -3*a. Suppose -g - 129 = -a*g. List the prime factors of g.
43
Let r(f) be the second derivative of f**3/3 - 11*f**2/2 - 5*f. What are the prime factors of r(8)?
5
Let r(p) = -14*p + 46. What are the prime factors of r(-14)?
2, 11
What are the prime factors of 1 - 1/(1*2/(-18))?
2, 5
Let a(j) = -8*j - 1. Let p(y) = y + 1. Let o(h) = a(h) + 2*p(h). List the prime factors of o(-2).
13
Let d(u) = u**3 + 11*u**2 + 12*u + 9. Let a be d(-8). Suppose 4*y + 79 = 3*w, 4*w = 4*y + y + a. What are the prime factors of w?
5
Let o(q) = q**2 + q + 1. Let a(f) = 3*f**2 + f. Let s(d) = a(d) - 2*o(d). What are the prime factors of s(-3)?
2, 5
Suppose 4*d + 61 = 5*g, 0 = -d - 0 + 1. List the prime factors of g.
13
Let l = 6 + -2. Suppose -2*z + l*s = -8, 5*s - 1 = 3*z - 12. List the prime factors of z.
2
Let a = -7 - -9. Suppose -r + 0*r + a = 0. What are the prime factors of r?
2
Let a(t) = t**2 - 5*t - 7. Let z be a(6). What are the prime factors of 520/25 + z/(-5)?
3, 7
Suppose 3*o + 8 = -0*o - l, 0 = 4*o + 5*l + 18. Let j = o - -2. Suppose j*u = 4*n + 5*u - 25, 0 = -2*n + 2*u + 26. What are the prime factors of n?
2, 5
Suppose 297 = 4*x + v, 2*v + 231 = 3*x - 0*x. What are the prime factors of (0 + 1)*x/5?
3, 5
Suppose 7*z - 568 = 958. List the prime factors of z.
2, 109
Let q(n) = -n**2. Let c be q(-1). Let d be (-340)/(-16) + c/4. Suppose -4*s + d = -s. What are the prime factors of s?
7
Let x = 29 + -54. Let c = 52 + x. List the prime factors of c.
3
Let f(h) = -9*h + 3. Suppose 0*u = 2*u + 8. What are the prime factors of f(u)?
3, 13
Let p = -5 + 7. Let f = -8 + p. What are the prime factors of -2 - -2 - f/1?
2, 3
Let f(o) = o**2 + 3*o - 6. Let z be f(5). Suppose -4*d = -4*w + 10 + z, 2*w = -4*d + 10. List the prime factors of w.
3
Let t(b) = b**3 - 6*b**2 + 6*b - 1. Let z be t(5). Suppose -4*g + 9*g - z*u - 56 = 0, u - 28 = -4*g. Let q = g + 0. List the prime factors of q.
2
Let m = 15 - 11. List the prime factors of m.
2
Suppose -2*r = -8 - 4. Suppose r*p - 75 = p. List the prime factors of p.
3, 5
Let f(k) = -k**2 - 11*k + 3. Suppose 1 = g + 4*d, -22 = 5*g - 5*d + 48. List the prime factors of f(g).
3
Suppose 8*j - 4*j - 24 = 0. Let s be 3 - 3*2/j. Let p(b) = 2*b**3 - b**2 - 1. List the prime factors of p(s).
11
Suppose 5*i - 238 = -3*f + 91, -5*f + 258 = 4*i. What are the prime factors of i?
67
Let q(n) = 2*n**3 - 5*n**2 + 1. Let k(x) = x**3 - x. Let j(a) = -3*k(a) + q(a). List the prime factors of j(-6).
19
Suppose 0 = -2*y - 1 + 13. Suppose -z + y*z + 40 = 0. Let a = z - -13. List the prime factors of a.
5
Suppose 0 = -p + 3, -5*i + 210 = p - 48. What are the prime factors of i?
3, 17
Suppose -3*y + 14 = 4*h, 0*y - 5*y + 8 = -h. Suppose y*u = 10, 4*u - 33 = -2*x + 7. List the prime factors of x.
2, 5
Suppose 2*z = 3*z - 2. Suppose 10 = -2*g + b, 2*g + z*b + 20 = -2*b. List the prime factors of (-4)/g - (-7)/3.
3
Let m(b) = -b**2 + 14*b - 10. What are the prime factors of m(13)?
3
Let x = -5 + 40. List the prime factors of x.
5, 7
Suppose -7*o + 6 = -4*o. Suppose x = -o*x + 90. List the prime factors of x.
2, 3, 5
Let o(h) = 6*h**2 + 2*h + 3. Let c be o(-4). Suppose 0 = -3*j + 8 + c. List the prime factors of j.
3, 11
Suppose 4*f - 1 = 115. List the prime factors of f.
29
Let d be 6*6/(-9) - -1. Let l be 16/d*9/2. Let q = l - -36. What are the prime factors of q?
2, 3
List the prime factors of ((-1926)/(-24))/(3/8).
2, 107
Suppose -5*g + 0*v + 20 = 3*v, 0 = -2*g - v + 8. Suppose -4*i - g*m + 72 = 0, -i + 27 + 3 = -5*m. List the prime factors of i.
2, 5
Suppose p - z + 1280 = 6*p, 0 = p - 4*z - 277. List the prime factors of p.
257
Let p = -9 - -13. Suppose p*a - 111 = -5*d, 0 = 5*a + 2*d - 44 - 82. What are the prime factors of a?
2, 3
Let c(g) = g + 3. Let m be c(0). Let d = m + 8. List the prime factors of d.
11
Let h = 61 - -31. List the prime factors of h.
2, 23
Suppose 0 = z - 3*f - 2*f - 7, -z - f = -1. Let r be -2*28/(-5 + 1). Suppose 0 = -z*a + 2*m + 8 + r, 2*m = -5*a + 27. List the prime factors of a.
7
Suppose 2*r - 6 = -0. Suppose 73 = 5*c - 4*s + 19, -c + 7 = r*s. List the prime factors of c.
2, 5
Let a(k) = k**2 + k - 6. Let g be a(-6). Let s be (-15)/(-6)*g*1. Suppose 3*j + s = 8*j. What are the prime factors of j?
2, 3
Let l(w) = 3*w**2 - 2*w - 2. Let y be l(2). Let a(v) = -v**3 + 6*v**2 + 2*v - 2. What are the prime factors of a(y)?
2, 5
Suppose 4*i = -i + 140. What are the prime factors of i?
2, 7
Suppose -4*m + 233 - 93 = 4*j, -4*m + 4*j = -148. What are the prime factors of m?
2, 3
Let w = -59 - -128. What are the prime factors of w?
3, 23
Let g(i) = -8*i + 5. Let y(n) = n - 1. Let r(q) = -g(q) - 6*y(q). What are the prime factors of r(1)?
3
Let m = 2 + 5. Suppose -m*l + 5*s = -3*l - 8, 2*s = -5*l + 43. What are the prime factors of l?
7
Let y(w) = -7*w + 5. Let u(k) = 4*k - 3. Let j(d) = -5*u(d) - 3*y(d). What are the prime factors of j(2)?
2
Let y = -141 + 244. List the prime factors of y.
103
Let f be (-1)/((-1)/(-3))*-1. Suppose -3*r + 30 + f = 0. What are the prime factors of r?
11
Let p = 8 - -10. List the prime factors of p.
2, 3
Let b be ((-6)/15)/(1/(-5)). Let s = b - 8. What are the prime factors of s/21 + (-46)/(-14)?
3
Let q = 34 + -7. List the prime factors of q.
3
Let h(u) = u - 2. Let x be h(3). Let f = 4 - x. Suppose -f*o + 63 = 15. List the prime factors of o.
2
Let b(s) = s**2 + s + 2. Let q(v) = -2*v**2 - 2*v - 1. Let u(f) = -3*b(f) - 2*q(f). Let o(g) = g. Let r be o(-4). What are the prime factors of u(r)?
2
Let o(q) = 3*q - 15. Let z(a) = 2*a - 7. Let y(l) = -3*o(l) + 5*z(l). Let p be y(-8). Suppose 0 = -3*w + w, p*w = u - 6. What are the prime factors of u?
2, 3
Let m be (-3)/(-2)*2/(-1). What are the prime factors of (-53)/m - 11/(-33)?
2, 3
Let s = 4 + 2. Let b = -3 + s. Suppose -5*q = 5*y - 25, 4*q - b*q - y = 9. What are the prime factors of q?
7
Let w = -2 - -4. Let u(p) = -p + 4*p**3 - 3*p**3 + 0*p + 4*p**2 + 4 + w*p. List the prime factors of u(-3).
2, 5
Let m = -49 - -221. What are the prime factors of m?
2, 43
Let c = -39 - -75. List the prime factors of c.
2, 3
Let u(r) = -r**2 - 8*r - 1. Let k be u(-7). Let o(m) = -m**3 + 7*m**2